{"id":145,"date":"2016-01-20T07:21:48","date_gmt":"2016-01-20T07:21:48","guid":{"rendered":"http:\/\/www.henrikpals.dk\/?page_id=145"},"modified":"2024-12-02T13:24:13","modified_gmt":"2024-12-02T13:24:13","slug":"rejsevaccination","status":"publish","type":"page","link":"https:\/\/henrikpals.dk\/?page_id=145","title":{"rendered":"Rejsevaccination"},"content":{"rendered":"<p>R\u00e5dgivning og vejledning omkring rejsevaccinationer er ikke\u00a0 d\u00e6kket af sygesikringen.<\/p>\n<p>Da vi nu i flere \u00e5r ikke har kunnet k\u00f8be vacciner til udlandsrejser, henvises til vaccinationsklinikker med disse vaccinationer samt evt. malaria profylakse.<\/p>\n<p>Skal du ud at rejse og \u00f8nsker r\u00e5d og information om rejsevacciner, kan du selv g\u00e5 ind p\u00e5 <a href=\"http:\/\/www.ssi.dk\">www.ssi.dk<\/a> eller <a href=\"http:\/\/www.rejsedoktor.dk\">www.rejsedoktor.dk<\/a> og finde frem til, hvilke vaccinationer du b\u00f8r have.<\/p>\n\n\n<figure class=\"wp-block-image size-large\"><a href=\"https:\/\/henrikpals.dk\/wp-content\/uploads\/2024\/12\/pexels-vince-2265876-scaled.jpg\"><img loading=\"lazy\" decoding=\"async\" width=\"824\" height=\"1024\" src=\"https:\/\/henrikpals.dk\/wp-content\/uploads\/2024\/12\/pexels-vince-2265876-824x1024.jpg\" alt=\"\" class=\"wp-image-471\" style=\"aspect-ratio:4\/3;object-fit:cover\" srcset=\"https:\/\/henrikpals.dk\/wp-content\/uploads\/2024\/12\/pexels-vince-2265876-824x1024.jpg 824w, https:\/\/henrikpals.dk\/wp-content\/uploads\/2024\/12\/pexels-vince-2265876-241x300.jpg 241w, https:\/\/henrikpals.dk\/wp-content\/uploads\/2024\/12\/pexels-vince-2265876-768x955.jpg 768w, https:\/\/henrikpals.dk\/wp-content\/uploads\/2024\/12\/pexels-vince-2265876-1236x1536.jpg 1236w, https:\/\/henrikpals.dk\/wp-content\/uploads\/2024\/12\/pexels-vince-2265876-1648x2048.jpg 1648w, https:\/\/henrikpals.dk\/wp-content\/uploads\/2024\/12\/pexels-vince-2265876-1207x1500.jpg 1207w, https:\/\/henrikpals.dk\/wp-content\/uploads\/2024\/12\/pexels-vince-2265876-567x705.jpg 567w\" sizes=\"auto, (max-width: 824px) 100vw, 824px\" \/><\/a><\/figure>\n","protected":false},"excerpt":{"rendered":"<p>R\u00e5dgivning og vejledning omkring rejsevaccinationer er ikke\u00a0 d\u00e6kket af sygesikringen. Da vi nu i flere \u00e5r ikke har kunnet k\u00f8be vacciner til udlandsrejser, henvises til vaccinationsklinikker med disse vaccinationer samt evt. malaria profylakse. Skal du ud at rejse og \u00f8nsker r\u00e5d og information om rejsevacciner, kan du selv g\u00e5 ind p\u00e5 www.ssi.dk eller www.rejsedoktor.dk og [&hellip;]<\/p>\n","protected":false},"author":2,"featured_media":0,"parent":0,"menu_order":6,"comment_status":"closed","ping_status":"closed","template":"","meta":{"footnotes":""},"class_list":["post-145","page","type-page","status-publish","hentry"],"_links":{"self":[{"href":"https:\/\/henrikpals.dk\/index.php?rest_route=\/wp\/v2\/pages\/145","targetHints":{"allow":["GET"]}}],"collection":[{"href":"https:\/\/henrikpals.dk\/index.php?rest_route=\/wp\/v2\/pages"}],"about":[{"href":"https:\/\/henrikpals.dk\/index.php?rest_route=\/wp\/v2\/types\/page"}],"author":[{"embeddable":true,"href":"https:\/\/henrikpals.dk\/index.php?rest_route=\/wp\/v2\/users\/2"}],"replies":[{"embeddable":true,"href":"https:\/\/henrikpals.dk\/index.php?rest_route=%2Fwp%2Fv2%2Fcomments&post=145"}],"version-history":[{"count":8,"href":"https:\/\/henrikpals.dk\/index.php?rest_route=\/wp\/v2\/pages\/145\/revisions"}],"predecessor-version":[{"id":473,"href":"https:\/\/henrikpals.dk\/index.php?rest_route=\/wp\/v2\/pages\/145\/revisions\/473"}],"wp:attachment":[{"href":"https:\/\/henrikpals.dk\/index.php?rest_route=%2Fwp%2Fv2%2Fmedia&parent=145"}],"curies":[{"name":"wp","href":"https:\/\/api.w.org\/{rel}","templated":true}]}}